Let d be ((-2)/4)/((-4)/160). Suppose -3*n = -8*n + d. What is the tens digit of 6/n - (-17)/2?
1
What is the hundreds digit of (15/(-4))/(-5) - 433/(-4)?
1
Let t be 1/(-3*(-2)/24). Let m = t + 3. Suppose -3*o + 29 = 4*n, 3*n + 5*o = m*o + 9. What is the units digit of n?
5
Suppose -4 = 3*p - 22. Let s = p - -18. What is the tens digit of s?
2
Suppose -32 = 2*o + f - 102, 2*f = 0. Suppose -w + 5 = 0, -3*z = 4*w - o - 12. What is the units digit of z?
9
Let v(u) = -u + 16. Let c be v(6). Suppose i + 0*i - c = 0. What is the tens digit of i?
1
Suppose 4 = -4*h - g - 0*g, -3*g = 3*h + 12. Suppose h = o - 1 + 3. What is the units digit of 1/((o - -4)/22)?
1
What is the tens digit of (-118)/(-8) + (-5)/(-20)?
1
Let v be ((-8)/20)/((-1)/10). Suppose 73 = -v*w - 2*h + 3*h, -2*w - 33 = 3*h. What is the units digit of (4/3)/((-4)/w)?
6
Suppose 0 = 3*n + 9 - 39. What is the units digit of n?
0
Let k(h) = h**2 + 7*h. Let b be k(-7). Suppose -2*i + u = -2, -2*u + b*u = -5*i + 7. Let p(c) = c. What is the units digit of p(i)?
3
Suppose 3 + 9 = -4*t. What is the units digit of -30*t/(-6)*-1?
5
Suppose -z + 3 = -d, 5*z + 2*d = -2*d + 42. Suppose -2*o + z*c = 3*c - 115, o - 2*c - 58 = 0. Suppose o = 8*j - 4*j. What is the units digit of j?
4
Suppose 4*l = -2*m - 7 + 19, 3*m - 23 = -l. Let p = m + -5. Suppose 4*i = 7*i - p. What is the units digit of i?
1
What is the units digit of ((-1)/(-1))/((30/65)/6)?
3
Let u(x) = -48*x**3 + x**2. Let n be u(-1). Let k = -31 + n. What is the tens digit of k?
1
Let b(a) = 36*a**2. Let c be b(-1). Let p = c + -20. What is the units digit of p?
6
Let g = -8 - -10. Let f(k) = 4 + k**2 + 5*k**g - k - 5*k**2. What is the units digit of f(0)?
4
Let v = 116 + -62. What is the units digit of v?
4
Let l(c) = c**2 - 22. Let v be l(0). Let w = 32 + v. What is the units digit of w?
0
What is the tens digit of 0 - 0 - (-5 - (32 - 1))?
3
Let i be (-11)/(-3) - 18/27. What is the tens digit of 15 + (i - 1) + -1?
1
Suppose 3*q + 0*q + 2*r - 16 = 0, q = -4*r + 22. What is the units digit of 0 + (-18)/(-3) - q?
4
Let d be 4 - 5 - (1 - 0). What is the units digit of d/(1*1/(-7))?
4
Let u = 11 + -8. Suppose -y = -u*f + 17, 4*y + 15 = y. Suppose -v + f = v. What is the units digit of v?
2
Suppose -4*o - b + 39 = 0, -4*o - 3*b = -0*b - 45. What is the units digit of o?
9
Let y be (20/(-3))/(5/(-60)). Suppose -5*w + y = 5*x, x + 12 = 4*w - 72. Suppose -4*i + w = -0*i + 2*f, 0 = 5*i + f - 22. What is the units digit of i?
4
Suppose 2*r = -5*f - 22, -2*f - 76 = 4*r - 0*f. Let o be ((-28)/r)/(4/6). What is the units digit of 13/o - 8/(-16)?
7
What is the tens digit of (-1)/(4 + (-249)/62)?
6
Suppose 5*n = 5, -5*l - 27 = -4*n + 97. Let j = l + 41. What is the units digit of j?
7
Suppose 8*t - 1273 = -177. What is the hundreds digit of t?
1
What is the tens digit of ((-165)/(-10))/((-2)/(-4))?
3
Let z be (-25)/(-10) + 1/(-2). Suppose z*t = -2*c + 2, -3 = c + 3*t + 4. What is the units digit of c?
5
Suppose 1582 = 10*d - 3*d. What is the hundreds digit of d?
2
Let q = -3 + 12. Let j be 3*(-3)/q*-5. Let u = 11 - j. What is the units digit of u?
6
Let g = 143 - 83. What is the units digit of g?
0
Let d = 7 - 3. Suppose 0 = -u + d*q + 15, -3*u + 7*u = -3*q + 3. Suppose 7*s = 4*s + u. What is the units digit of s?
1
Let q be (-2)/(-9) + 47/(-9). Let j = q + 8. Suppose 5*l + n - 46 = j*n, 2*l - 22 = -n. What is the units digit of l?
0
Let b(q) = q**3 + 7*q**2 - 13*q - 12. Let d be b(-8). What is the units digit of (-4)/14 - (-92)/d?
3
What is the tens digit of (3 + (-35)/(-3))/((-1)/(-3))?
4
Let f(t) = -t**3 - 11*t**2 - t - 8. Let v be f(-11). What is the units digit of v/(-12) + (-65)/(-4)?
6
Suppose -7 = 3*p + 5*d, -2*p + 0*d - 3 = 3*d. What is the units digit of 1*-2 + p + 3?
7
Suppose 0 = -4*f + 2*d + 488, -3*f = -3*d + d - 366. What is the hundreds digit of f?
1
Suppose x - 2*q = 201, 0 = 5*x - q - 562 - 434. What is the tens digit of x?
9
Let v = 67 + 80. What is the units digit of v?
7
Let b = 136 + -209. Let i = -37 - b. What is the tens digit of i?
3
Suppose -g + p = -2 + 3, -4*g - 4*p = -28. What is the units digit of g - (-1 - (-5 - -3))?
2
Let i be (11 + 1)*(-2)/4. What is the tens digit of 36/8*(-16)/i?
1
What is the units digit of 3*(4/(-6))/(22/(-165))?
5
Let f(r) = -r**3 + 12*r**2 - 5*r - 7. Let s be f(12). Let z = -43 - s. What is the tens digit of z?
2
Let d be (-4 - -1)*(-2)/(-3). Suppose 3*b = -2*u - 4, -2*u = b - 0 - 4. Let j = u + d. What is the units digit of j?
2
Let n(g) = g**2 - 14*g + 1. Let p be n(13). Let f = 10 - p. Let o = -5 + f. What is the tens digit of o?
1
What is the hundreds digit of (-570)/19*(-2)/5*32?
3
Let y(p) = 11*p**2 - p - 3. What is the units digit of y(2)?
9
Let y(f) = -f - 2. Let b be 3/6 + 1/2. Let a = b + -6. What is the units digit of y(a)?
3
Let q be 2*(-30)/(-8)*-2. Let m = -9 - q. What is the units digit of m?
6
Let p be (-2718)/(-10) + (-1)/(-5). What is the units digit of p/24 + 2/3?
2
What is the hundreds digit of (-8)/(-20) + 1756/10?
1
Suppose -4*o + x + 54 = -2*x, 23 = o + 4*x. What is the tens digit of o?
1
What is the units digit of (67 - (0 + 1)) + 3?
9
Let c = -11 - -2. Let d = 6 + c. What is the units digit of ((-2)/(-4))/(d/(-6))?
1
What is the tens digit of ((-630)/4)/(-3) + (-15)/10?
5
Let g(l) = l**2 - 14*l + 1. Let q be g(14). Let j(d) = 4*d**2 - 1. What is the units digit of j(q)?
3
Let l be ((-2)/(-4))/((-6)/36). Let r be (l/2)/3*44. Let u = -4 - r. What is the units digit of u?
8
Let l be 104/(-20) - (-2)/10. Let t = -2 - l. What is the units digit of ((-45)/10)/(t/(-4))?
6
Let i = 319 + -201. What is the units digit of i?
8
Let n(c) = -c**3 + c**2 + 2*c. Let j be n(2). Suppose j*z = z - 12. What is the units digit of z?
2
Suppose 4*z + 4*n = -8, z - n = 5*z + 2. Let w(q) = -3*q**2 + q + 8. Let b(y) = 2*y**2 - y - 7. Let d(j) = -4*b(j) - 3*w(j). What is the units digit of d(z)?
4
Let o(t) = t**2 - 2*t - 4. Let k be o(-10). Let y = k + -81. What is the tens digit of y?
3
Suppose 8*t = 3*t + 5. Suppose 0 = 4*i - 17 + t. Suppose 3*k + 12 = i*k. What is the tens digit of k?
1
Let x = 47 + -4. What is the tens digit of x?
4
Suppose 0 = -4*p + 46 + 22. Let m = p - 11. What is the units digit of m?
6
Let i = 3 + 0. Suppose 4*w = 23 - i. What is the units digit of (-4 + 3)/((-1)/w)?
5
Let p(b) = -2*b - 9. Suppose -3*f + 2*f - z = 1, 3*z = f + 21. Let s be p(f). Suppose 0 = -s*d - 7 + 46. What is the units digit of d?
3
Suppose 0 = -3*j - 6 + 15. What is the tens digit of 10 - (-1 - (4 - j))?
1
Let i(z) = z**2 + 12*z + 24. What is the units digit of i(-16)?
8
Let p(t) = -t**3 - 5*t**2 + 7*t + 9. Let i be p(-6). Suppose -i = u - 4*u. What is the units digit of u?
1
Let c be 83 + 2 + -1 + 2. What is the tens digit of c/6 - (-7)/(-21)?
1
Let w = 7 - 4. Suppose w = -5*g + 28. Suppose -i - 24 = -g*i. What is the units digit of i?
6
Suppose 0 = -v - 0 - 7. Suppose 2*y - 5*t = -43, -t = -5*y - 0*t - 73. Let k = v - y. What is the units digit of k?
7
Let c(x) = 19*x + 1. What is the units digit of c(2)?
9
What is the units digit of ((-5)/(-5) - 2)*-149?
9
Suppose -2*r = 15 - 39. Suppose -2*y = y + r, 5*v = -5*y. What is the units digit of v?
4
Let y = -23 + 12. Let q(v) = -v**2 - 11*v + 3. Let s be q(y). Suppose -8 = -c - s*c. What is the units digit of c?
2
Let k(j) be the second derivative of j**5/20 - 5*j**4/12 - j**3/2 - 7*j**2/2 - j. What is the tens digit of k(6)?
1
Let a be 11/3*3 + -2. Let g be ((-20)/6)/((-6)/a). Suppose 46 = 3*d - g. What is the units digit of d?
7
Let r be (-21)/7*(-20)/(-6). What is the tens digit of 2/(-5) - 144/r?
1
Suppose u - n = 2*u - 11, -1 = u - 5*n. What is the units digit of u?
9
Suppose -h + 31 = 3*b, 97 = 3*h + 3*b + 2*b. What is the tens digit of h?
3
Suppose 3*n - 4*n = 0. Suppose -c + l + 21 = n, c + 3*l - 6 = l. What is the tens digit of c?
1
Let d(k) = -3*k**3 - 5*k - 7. Let s(z) = -2*z**3 + z**2 - 4*z - 6. Let t(r) = -3*d(r) + 4*s(r). Let p = 4 + -7. What is the units digit of t(p)?
9
Let s(l) = 12*l**2 - 1. Let h = 3 + -4. What is the units digit of s(h)?
1
Let k(y) = -y**3 + 4*y**2 + y - 4. Let h be k(4). Let f be 1/(((-3)/(-4))/3). Let l = h + f. What is the units digit of l?
4
Suppose -208 = -11*r + 3*r. What is the tens digit of r?
2
Let s(n) = 8